. Let v be x(5). Let j(u) = 4*u**2 - 19*u - 10. Calculate the remainder when 33 is divided by j(v).
13
Suppose -77 = -7*g - 126. Calculate the remainder when 160 is divided by (2 + g - -3)/(8/(-164)).
37
Let d = -15 - -8. Let w(g) = -19*g + 3. Let l be w(d). Suppose 0*z + 4*z - 4*o - l = 0, 9 = -3*o. Calculate the remainder when 61 is divided by z.
30
Suppose -2*n - 2*w + 92 = 0, -4*w - 239 = 8*n - 13*n. What is the remainder when 110 is divided by n?
16
What is the remainder when (532/21 + -10)*6 is divided by 46?
0
Let a = -158 + 232. Let g = a - 57. Suppose -6*y = -2*y - 40. What is the remainder when g is divided by y?
7
Suppose 4*w = 8*w + 52. Let j = -5 - w. What is the remainder when 14 is divided by j?
6
Suppose -5*r - 10 = -20. Suppose -r*a - q + 3*q + 66 = 0, 3*q - 160 = -4*a. What is the remainder when a is divided by 1 + -2 + (3 - -11)?
11
Suppose 0 = -5*m - 4*n + 365, 111 = 3*m - n - 108. What is the remainder when m is divided by 30?
13
Let z be 1 + 3/3 + 1. Suppose -5*o - 18 = -3, z*o = r - 26. Suppose 0 = -2*u + 3*b + 123, -135 = -2*u + b - 2*b. What is the remainder when u is divided by r?
15
Let y(q) = -q**2 - 8*q - 12. Let h be y(-5). Suppose -h*k + 17 = -16. Suppose 0 = -f + 11 + 21. Calculate the remainder when f is divided by k.
10
Suppose 4*f = 3*t + 291, 3*f - 4*f = t - 64. What is the remainder when f is divided by 7?
6
Suppose -4*q - f = -24, 5*q - 8 = -2*f + 22. Suppose 4*c = q*c - 32. Calculate the remainder when 2/(-2)*92/(-2) is divided by c.
14
Let h = -37 + 269. Let q = -53 + h. Calculate the remainder when q is divided by 60.
59
Calculate the remainder when 83 is divided by -27*(4*4/(-48))/1.
2
Suppose 0 = 2*y - 10 - 10. Suppose -3*z = -h - 32 + y, 3*z - 2 = -4*h. What is the remainder when 39 is divided by z?
3
Let r be (-2)/9 - (-578)/9. Suppose 55*q = 59*q - r. What is the remainder when 30 - 0/(0 + 2) is divided by q?
14
Let a(t) = t**3 + t**2 + t + 10. Let f(y) = -7*y + 63. What is the remainder when a(0) is divided by f(8)?
3
Let k = 21 - 21. What is the remainder when 117 is divided by (-18 - k)/(33/(-44))?
21
Let w(r) = 60*r + 1. Let m be w(-1). Let j = m + 99. Calculate the remainder when 119 is divided by j.
39
Let x(v) = -42*v + 18. Calculate the remainder when 76 is divided by x(-1).
16
Let b(c) = c + 13. Let i be b(-10). Suppose 4*h - 139 = 3*y, -y = 4*h - i*y - 134. Suppose -3*a - 60 = -4*a. What is the remainder when a is divided by h?
29
Let w = 1285 - 1277. Calculate the remainder when w is divided by 7.
1
Let t = 48 + 135. Calculate the remainder when t is divided by 37.
35
Suppose 0 = 4*i + 5*d + 73, -3*i + 2*d - 3 = 23. Let p = 125 + i. Let t(c) = c**2 - 2*c + 5. Calculate the remainder when p is divided by t(6).
26
Let c = -7 + 21. What is the remainder when (-8)/c + (-2233)/(-49) is divided by 12?
9
Calculate the remainder when -3 - -1 - (-75 - 16 - -13) is divided by 40.
36
Let c(a) = 6*a**2 + 6*a + 4. Let v(y) = 7*y. Let g be v(-1). Let x be c(g). Let s = -147 + x. What is the remainder when s is divided by 28?
25
Suppose 0*d - 8 = -2*d + 2*y, -5*d = -4*y - 16. Suppose 13*m = 10*m + 39. Suppose d*g + m = g. What is the remainder when 36 is divided by g?
10
Let r(o) = o + 9. Let b be r(-9). Calculate the remainder when (0 - (b + -1))*23 is divided by 74/6 + 8/(-24).
11
Let f(q) = 2*q**2 + 17*q - 1. Calculate the remainder when f(-12) is divided by 42.
41
Suppose -5*t + 455 = 2*t. Calculate the remainder when t is divided by 23.
19
Suppose -5*z = 15, 4*z - 3*z - 5 = -4*y. Calculate the remainder when 70 is divided by 21/y*(-108)/(-63).
16
Let w(d) = -d**3 - 14*d**2 + 14*d - 5. Let u = 139 - 92. Calculate the remainder when u is divided by w(-15).
7
Suppose -315*i = -313*i - 102. Suppose 2*a - 7 = 29. Calculate the remainder when i is divided by a.
15
Let f be 2/(-5*3/(-600)). Suppose v + 4*v = f. Calculate the remainder when 333 is divided by v.
13
Let z(b) = b**2 + 6*b + 7. Let v = -30 - -21. Calculate the remainder when z(v) is divided by 6*9/(45/10).
10
Suppose 0 = 3*b + 4 - 1. Let p = b + 21. What is the remainder when 96 is divided by p?
16
Suppose -8*p + 5*p + 113 = 2*d, 4*p = -2*d + 110. What is the remainder when d is divided by 33?
28
Suppose 137*v = 104*v + 495. Calculate the remainder when 701 is divided by v.
11
Let c(p) = -p**3 + 9*p**2 + 3. Calculate the remainder when 20*(-3)/(-12)*4 is divided by c(9).
2
Let t(p) = p**2 - 2*p + 2. Let x be t(2). Suppose x*q = q + 13. Calculate the remainder when 33 is divided by 1 + q + (-15)/(-5).
16
Suppose -4*j + 3*t - 12 = 2, 0 = 2*j + 3*t + 16. What is the remainder when 104 is divided by (-107)/j - ((-12)/20 - -1)?
20
Let c(h) = h**2. Let s(p) = -2*p - 6. Let k(d) = 3*c(d) + s(d). Suppose 8*l - 3 = 7*l. Calculate the remainder when 59 is divided by k(l).
14
Suppose 2*n - 2*q = -3*n + 385, 231 = 3*n + q. Suppose 3*z - 49 = 212. Let x = z - 61. What is the remainder when n is divided by x?
25
Let s = -326 + 426. What is the remainder when 218 is divided by s?
18
Let x be (-1)/(-4) + 10/(-8) - -6. What is the remainder when 53 is divided by 12/x*(-20)/(-6)?
5
Let j(a) = -24*a - 20. Let x(d) = -5*d - 4. Suppose -8 = 3*h + 40. Let l(k) = h*x(k) + 3*j(k). What is the remainder when 78 is divided by l(2)?
18
Let s(a) = -a - 8. Let u(g) = -g**2 + 15*g + 12. Let l be u(16). Let h be s(l). What is the remainder when 62 is divided by (1 + 3)/((-1)/h)?
14
Suppose 0 = 4*g - 262 - 54. Suppose 48 = -3*l + 5*l. Let k = g - l. What is the remainder when k is divided by 14?
13
Let r = 11 + -5. Suppose 13*x - 85 = 8*x. Calculate the remainder when x is divided by r/(-9) + 64/6.
7
Suppose 5*y - 437 = 223. Calculate the remainder when y is divided by 76.
56
Suppose -67*q + 63*q = -68. What is the remainder when 127 is divided by q?
8
Suppose 312 = -11*a + 565. What is the remainder when 663 is divided by a?
19
Suppose -5*w = 5*p + 610, -62 = 2*w - p + 179. Let t = w - -138. What is the remainder when 49 is divided by t?
15
What is the remainder when 14 is divided by ((-4)/4)/(-2*4/64)?
6
Let r(v) = v - 13. Let d be r(15). Let h(p) = p**3 + 0 + 7 - 13*p**2 - d*p**2. What is the remainder when h(15) is divided by 2?
1
Suppose 0 = -m - 5*m. Suppose m*y = y. What is the remainder when 0 - (y - -2 - 5) is divided by 2?
1
Let u(t) = t**3 + 6*t**2 - t - 4. Let c be u(-6). Suppose -37 = -6*l - 7. Calculate the remainder when 917/49 + c/7 is divided by l.
4
Suppose 0 = -5*k - 10 - 15. Let b be (-5 + k)*(-10)/(-4). Let o = 36 + b. What is the remainder when 30 is divided by o?
8
Let u = -360 - -692. Suppose -122 + u = 5*p. What is the remainder when p is divided by 15?
12
Let z(g) = 6*g + 3. Let k(m) = m**2 + 22*m + 98. What is the remainder when k(-21) is divided by z(4)?
23
Suppose 4*j - 125 + 113 = 0. Suppose -5*a + j*y + 206 = 0, -4*a + 3*y = -0*y - 166. Calculate the remainder when a is divided by 16.
8
Let x(w) be the third derivative of 13*w**4/24 - 5*w**3/6 + 42*w**2. Calculate the remainder when x(2) is divided by 6.
3
Suppose 3*i - 88 = -i. Suppose -g = -k + 6*k - i, 3*k - 114 = -3*g. Suppose 5*f + f - g = 0. What is the remainder when 27 is divided by f?
6
Suppose 0 = -a - 2*p + 5, 0 = -5*a + 7*p - 2*p + 70. What is the remainder when 2*(74/4 + -2) is divided by (a - 4/(-1)) + 3?
15
Suppose 13*h - 20*h = 42. Let f = 26 - h. What is the remainder when 93 is divided by f?
29
Let v(a) = 3*a**2 + 19*a - 32. Let f be v(12). Suppose -2188 + f = -13*p. Calculate the remainder when p is divided by 41.
38
Calculate the remainder when 2/(-11) + 28768/682 is divided by 22.
20
Let r = 113 - 68. Let i(w) = 4*w**2 - w - w**3 - 4 - 11*w**2 - 3*w. What is the remainder when r is divided by i(-7)?
21
Suppose i - 2*i - 233 = 0. Let f = i - -386. What is the remainder when f is divided by 26?
23
Let d = 3 - 4. Let b(j) = j**2 - j. Let s(t) = -t**2. Let i(z) = b(z) - 6*s(z). What is the remainder when 15 is divided by i(d)?
7
Suppose 114 = 38*j - 1444. What is the remainder when 104 is divided by j?
22
Let g = 51 - 53. What is the remainder when (69/(-6))/((-1)/4) is divided by g/(-2)*(-36)/(-3)?
10
Let y(j) = -j**2 + 39*j - 64. What is the remainder when y(30) is divided by 13?
11
Suppose 3*u = -c - 4, 1 - 17 = -5*c + 3*u. Suppose 0 = -2*b - c*b + 28. What is the rema